 - o + 5 = 0, 0 = -3*o + 2 - 5. Let p(k) = k. Let s(y) = -8*y + 3. Let l(z) = u*p(z) - s(z). Is l(7) a prime number?
True
Let y = 153197 - 95112. Is y a composite number?
True
Is 221/(-1768) - ((-57522)/16 - -2) prime?
True
Suppose 6 - 6 = 4*t. Suppose t = 5*a - 22 - 73. Is a a composite number?
False
Suppose -5*x + 70123 = 2*p, -3*x + 148001 = 3*p + 42803. Is p prime?
True
Suppose 4*d = -4*k + 1008, -3*k + 343 = -2*d - 413. Is 22/(k/62 + -4) a prime number?
False
Suppose 1970 = 5*k - 0*k. Suppose -k = 6*y - 1156. Is y composite?
False
Let x(q) = 3*q**3 + 5*q**2 - q + 2 - 2*q**3 + 3*q - q. Let y be x(-5). Is 370/2 - (y - -1) composite?
True
Let y(f) = -861*f - 37. Is y(-6) a composite number?
True
Is ((-20)/30 - 0)*(-354174)/4 a prime number?
True
Let i = 27 + -23. Suppose 3*y + i = 4*w, -4*w = -5*y - 5 + 1. Suppose 3*n - 317 - 814 = y. Is n prime?
False
Suppose 3*x - 1 = -4. Let z be 13/((-21)/12 + 2). Let a = z - x. Is a a prime number?
True
Let v(g) = -g**3 - 5*g**2 - 11*g - 34. Let q(c) = -c**2 + c + 1. Let n(h) = 2*q(h) + v(h). Is n(-11) composite?
True
Let l = 39234 - 10865. Is l composite?
True
Suppose -17739 - 31744 = -7*x. Is x composite?
False
Let d(b) = -b - 13. Let c be d(-13). Let g be 0*4/(-16) - c. Suppose -w - 1696 = -4*x - 5*w, g = -x + w + 414. Is x a composite number?
False
Suppose 4664 - 578 = 6*s. Is s prime?
False
Let m(f) be the third derivative of f**5/60 + f**4/12 + 335*f**3/6 + 2*f**2. Suppose -2*o - 8 + 4 = -3*c, 5*c + 10 = -5*o. Is m(c) a prime number?
False
Suppose 323*l = 308*l + 104205. Is l a composite number?
False
Let t = -937 + 1540. Suppose 5*r + 5*l - 730 = 0, 0 = -4*r + 2*l + t - 1. Suppose -3*c + 58 = -r. Is c a prime number?
False
Suppose 2*p = -3*p - 4*f + 3119, -p + 3*f + 639 = 0. Suppose 4*b - p = -5*k, 2*k - 2*b - 84 = 174. Is k composite?
False
Let s be (-9)/12 - (-935)/68. Let u(r) be the second derivative of r**4/12 - 7*r**3/6 - 19*r**2/2 + 2*r. Is u(s) a composite number?
False
Let o(i) be the first derivative of i**6/45 - i**5/40 - i**4/8 - 4*i**3/3 + 4. Let k(f) be the third derivative of o(f). Is k(4) a composite number?
False
Suppose -7*p = 11 + 17. Is (-3 - 49/(-7))*(-55)/p composite?
True
Suppose 5*p + 444 = n, -p + 2*p + n = -90. Let l = p + 250. Is l a composite number?
True
Is -14907*(1/5)/((-36)/60) a composite number?
False
Suppose -101757 = -21*f + 155052. Is f composite?
True
Let o(v) = v**3. Let t be o(1). Let z = t - 1. Is (-1 - z) + (-640)/(-5) a prime number?
True
Suppose 0 = b + 27*b - 316036. Is b prime?
True
Let s(n) be the second derivative of -n**4/12 + 7*n**3/6 + 5*n**2/2 - 8*n. Let k be s(8). Let l(w) = -85*w - 6. Is l(k) prime?
False
Suppose -p - 5*o = -537, -4*o - 2801 = -2*p - 3*p. Is p a composite number?
False
Suppose -32*w - 37*w = -3307929. Is w composite?
True
Is 14545*6 + 6/((-36)/(-42)) a composite number?
False
Let a be (-352)/(-6) - (-6)/(-9). Let u = 350 - 349. Let z = u + a. Is z composite?
False
Let v(b) = -918*b**2 - 24. Let l be v(4). Let h = l + 21515. Is h a prime number?
True
Suppose x + 0*x = 3. Suppose 0 = -u + v + 40, 122 = 3*u - v - x*v. Suppose 3*g - 3*t + 5*t - 57 = 0, 5*t - u = -2*g. Is g a composite number?
False
Suppose -4*a = -2*a + 4548. Is a/(-2)*2/6 composite?
False
Let o be (-1 + 1688)*-1*2/2. Let j = o + 3636. Is j a prime number?
True
Is 33/44 - 11236/(-16) a composite number?
True
Suppose 5*y - 3176 = 3849. Let q = y - 912. Is q a prime number?
False
Let f(m) = 8*m**2 + 20*m + 73. Is f(-10) composite?
False
Suppose 5*f = -68 - 37. Let u = 26 + f. Suppose -2*q - 165 = -u*q. Is q a prime number?
False
Suppose -10*j + 5*j + 2*b - 455 = 0, -b + 272 = -3*j. Let g = j + 168. Is g composite?
False
Suppose -4*q + 3 = -3*q, a - q = 1618. Let z = -974 + a. Is z a prime number?
True
Suppose 14*z + 19 = -9. Is ((-6)/(-9))/((-4)/21612*z) a composite number?
False
Let t(l) = 2*l - 31. Let h be t(15). Is (3 + -1478)/h - -2 a prime number?
False
Let a(i) = -56*i**2 + 4*i - 2. Let h be a(-3). Let d = 993 + h. Suppose 5*g - d = -4*m, 2*g + 2*g = m + 359. Is g a prime number?
False
Let v(n) = 513*n**3 - 13*n**2 + 34*n + 7. Is v(3) a prime number?
False
Let j = 792 - 1599. Let q = 1324 + j. Is q a prime number?
False
Is 7/(-14) + 22170/12 a prime number?
True
Let z(u) be the first derivative of 79*u**2/2 - 2*u - 221. Let l = 1 + 0. Is z(l) prime?
False
Let y(s) = 39*s**3 + s. Let i be y(1). Let k = i + -73. Is k/3*10/(-2) composite?
True
Suppose -j - 1526 - 1226 = -v, 0 = 2*j - 10. Is v a prime number?
False
Suppose 3*h = -3*h + 36714. Is h a composite number?
True
Suppose -2*y - 1 = -3*y - 4*q, -y = q + 2. Let g be ((-33)/(-22))/(435/218 - 2). Is (-1)/((-978)/g + y) prime?
True
Let x(s) = 141*s + 4. Let a be x(2). Suppose 2*n = -4*i - 148 - 230, 4*n + a = -3*i. Let t = 64 - i. Is t composite?
True
Let u = 9 - 1. Let h be 4/(-4) - (2 - u). Suppose 5*l - 2190 = -5*t, -468 = 2*l - 3*l + h*t. Is l prime?
True
Suppose 2*t = -15 - 17. Let g = 21 + t. Suppose g*s = -3*r + 27 + 82, 5*r + 3*s = 203. Is r prime?
True
Let l(b) = -517*b + 455. Is l(-6) a prime number?
True
Let j = -4 + 7. Let h = -868 - -904. Is h/(-4 + 5) + j prime?
False
Let a(z) = 2843*z - 35. Is a(4) a prime number?
False
Let a(h) = -h**3 - 8*h**2 - 11*h - 29. Let y be (-3)/(-7) + 3 + (-432)/28. Is a(y) prime?
False
Let u(i) = 4*i + 426*i**2 - 5 + 428*i**2 + 1 - 849*i**2. Let s be ((-1)/3)/(2/(-18)). Is u(s) prime?
True
Is (4 + 4 + -595)*4/(-4) composite?
False
Let b(q) = 2*q**2 + 12*q + 29. Let v be b(14). Suppose 0*c + 2931 = 5*u - 2*c, 0 = -u - c + v. Is u composite?
False
Suppose 0 = -0*z + 4*z - 1712. Suppose 0 = -5*v + 3*o + z, 3*o + 193 - 20 = 2*v. Is v a composite number?
True
Let y = 7661 + 6858. Is y a composite number?
False
Is (-36)/48 - 147311/(-4) a prime number?
False
Let r(b) = b + 2. Let h be r(-1). Is (-1502*h)/(2/(-4 - -3)) a composite number?
False
Let i(j) = -j**3 + 16*j**2 - 11*j. Let o be i(15). Is 497 + 4/2 + o/15 prime?
True
Let c be 7/14 + 5498/4. Let q = c + -26. Let d = q - 898. Is d a composite number?
True
Suppose -4*n = -5*n + 3*m + 829, 0 = -n + 5*m + 821. Is n prime?
False
Let z(u) = 39*u**2 + 19*u - 71. Is z(11) a composite number?
True
Let n = 27094 + -15759. Is n a prime number?
False
Let o(v) = 48*v + 212. Let r be o(-32). Let h = 2 + -4. Is h/(3980/r - -3) composite?
False
Let o(k) = -3 + 32*k**3 + 0*k**2 + 14*k + 4 - 2*k**2 - 34*k**3. Is o(-5) a composite number?
False
Let l = 6032 - -3207. Is l a prime number?
True
Suppose 3*c - 9262 = -2*w, -5*w = 3 + 2. Suppose 2*l + 210 = c. Is l prime?
True
Suppose 0 = 5*t + 1687 + 4618. Is (-6)/12*(t - 1) a prime number?
True
Suppose 2*o - i = -6*i + 49266, 4*o + 4*i - 98556 = 0. Is o composite?
True
Suppose 25*d - 59116 = 3159. Is d a prime number?
False
Let p(x) = 70*x**2 - 10*x + 47. Is p(10) composite?
False
Is (-4)/16*-6*2292/18 a composite number?
False
Let d(g) = -279*g - 29. Let l be d(-15). Suppose 13*m = 9*m + l. Is m a composite number?
False
Let x be 5/((-2)/(-7) + (-18)/14). Let l(d) = -2*d**3 - d**2 - 8*d + 1. Let c(p) = p**3 + p - 1. Let v(r) = -3*c(r) - l(r). Is v(x) composite?
False
Let u = 18022 - 4419. Is u a composite number?
True
Suppose 14*w + 11922 = 34910. Is w composite?
True
Let f(z) = 13*z - 11. Let u be f(5). Let o = u + 299. Is o a prime number?
True
Let h = 10312 + -2459. Is h a composite number?
False
Let j be 186/9*9/2. Suppose j = -m + 304. Suppose 3*h - 134 = m. Is h prime?
False
Suppose h = 2*h - 2*f - 200, 0 = -4*h - 4*f + 740. Suppose -4*v + 1206 - h = 0. Is v composite?
True
Let c be (-82)/((-3)/63*3). Let z = c + -310. Suppose 4*m = 3*y - 217, 2*y + 2*y + m = z. Is y composite?
False
Suppose -2*f = -28 - 40. Let c = -5 - 8. Let k = c + f. Is k prime?
False
Suppose 0 = g - 984 - 8750. Is g/6 - 16/(-12)*-1 a prime number?
True
Let o = -6890 - -16927. Is o prime?
True
Suppose -3*y - 4*b - 20 = 0, -2*y + 4 = 2*b + 14. Suppose -5*a - 3*k + 789 = y, 2*k = 2*a - 0*k - 322. Is a composite?
True
Let a be (-48607)/(-11) - 2/(-11). Suppose 3*x + 3*k - a = 5*k, 0 = -5*x - 5*k + 7340. Is x a prime number?
True
Let a(n) = 10 + 10 - 19 + 290*n**2 + 82*n**2. Is a(-1) composite?
False
Let c = 41 + -41. Suppose -6*r + 7*r - 203 = c. Is r prime?
False
Let b(g) = 421*g + 319. Is b(48) a composit